{"version":"1.0","provider_name":"atHome Blog","provider_url":"https:\/\/www.athome.lu\/blog\/de","author_name":"Fanny Pimentel","author_url":"https:\/\/www.athome.lu\/blog\/de\/author\/fanny-pimentel\/","title":"Comment am\u00e9nager sa terrasse ? - atHome Blog","type":"rich","width":600,"height":338,"html":"<blockquote class=\"wp-embedded-content\" data-secret=\"jGLNXhYsCU\"><a href=\"https:\/\/www.athome.lu\/blog\/de\/mon-logement\/meuble-decoration\/comment-amenager-sa-terrasse\/\">Wie gestaltet man seine Terrasse?<\/a><\/blockquote><iframe sandbox=\"allow-scripts\" security=\"restricted\" src=\"https:\/\/www.athome.lu\/blog\/de\/mon-logement\/meuble-decoration\/comment-amenager-sa-terrasse\/embed\/#?secret=jGLNXhYsCU\" width=\"600\" height=\"338\" title=\"&#8222;Comment am\u00e9nager sa terrasse ?&#8220; &#8211; atHome Blog\" data-secret=\"jGLNXhYsCU\" frameborder=\"0\" marginwidth=\"0\" marginheight=\"0\" scrolling=\"no\" class=\"wp-embedded-content\"><\/iframe><script>\n\/*! This file is auto-generated *\/\n!function(d,l){\"use strict\";l.querySelector&&d.addEventListener&&\"undefined\"!=typeof URL&&(d.wp=d.wp||{},d.wp.receiveEmbedMessage||(d.wp.receiveEmbedMessage=function(e){var t=e.data;if((t||t.secret||t.message||t.value)&&!\/[^a-zA-Z0-9]\/.test(t.secret)){for(var s,r,n,a=l.querySelectorAll('iframe[data-secret=\"'+t.secret+'\"]'),o=l.querySelectorAll('blockquote[data-secret=\"'+t.secret+'\"]'),c=new RegExp(\"^https?:$\",\"i\"),i=0;i<o.length;i++)o[i].style.display=\"none\";for(i=0;i<a.length;i++)s=a[i],e.source===s.contentWindow&&(s.removeAttribute(\"style\"),\"height\"===t.message?(1e3<(r=parseInt(t.value,10))?r=1e3:~~r<200&&(r=200),s.height=r):\"link\"===t.message&&(r=new URL(s.getAttribute(\"src\")),n=new URL(t.value),c.test(n.protocol))&&n.host===r.host&&l.activeElement===s&&(d.top.location.href=t.value))}},d.addEventListener(\"message\",d.wp.receiveEmbedMessage,!1),l.addEventListener(\"DOMContentLoaded\",function(){for(var e,t,s=l.querySelectorAll(\"iframe.wp-embedded-content\"),r=0;r<s.length;r++)(t=(e=s[r]).getAttribute(\"data-secret\"))||(t=Math.random().toString(36).substring(2,12),e.src+=\"#?secret=\"+t,e.setAttribute(\"data-secret\",t)),e.contentWindow.postMessage({message:\"ready\",secret:t},\"*\")},!1)))}(window,document);\n\/\/# sourceURL=https:\/\/www.athome.lu\/blog\/wp-includes\/js\/wp-embed.min.js\n<\/script>","thumbnail_url":"https:\/\/www.athome.lu\/blog\/wp-content\/uploads\/2019\/06\/terrace-4237047_1280.jpg","thumbnail_width":1280,"thumbnail_height":847,"description":"\u00c0 l\u2019arriv\u00e9e des beaux jours, c\u2019est toujours un plaisir de r\u00e9investir sa terrasse. Cette ann\u00e9e on se laisse s\u00e9duire par les couleurs ou on opte pour une totale d\u00e9co couleur bois."}

Comment aménager sa terrasse ? - atHome Blog

<blockquote class="wp-embedded-content" data-secret="jGLNXhYsCU"><a href="https://www.athome.lu/blog/de/mon-logement/meuble-decoration/comment-amenager-sa-terrasse/">Wie gestaltet man seine Terrasse?</a></blockquote><iframe sandbox="allow-scripts" security="restricted" src="https://www.athome.lu/blog/de/mon-logement/meuble-decoration/comment-amenager-sa-terrasse/embed/#?secret=jGLNXhYsCU" width="600" height="338" title="&#8222;Comment aménager sa terrasse ?&#8220; &#8211; atHome Blog" data-secret="jGLNXhYsCU" frameborder="0" marginwidth="0" marginheight="0" scrolling="no" class="wp-embedded-content"></iframe><script>
/*! This file is auto-generated */
!function(d,l){"use strict";l.querySelector&&d.addEventListener&&"undefined"!=typeof URL&&(d.wp=d.wp||{},d.wp.receiveEmbedMessage||(d.wp.receiveEmbedMessage=function(e){var t=e.data;if((t||t.secret||t.message||t.value)&&!/[^a-zA-Z0-9]/.test(t.secret)){for(var s,r,n,a=l.querySelectorAll('iframe[data-secret="'+t.secret+'"]'),o=l.querySelectorAll('blockquote[data-secret="'+t.secret+'"]'),c=new RegExp("^https?:$","i"),i=0;i<o.length;i++)o[i].style.display="none";for(i=0;i<a.length;i++)s=a[i],e.source===s.contentWindow&&(s.removeAttribute("style"),"height"===t.message?(1e3<(r=parseInt(t.value,10))?r=1e3:~~r<200&&(r=200),s.height=r):"link"===t.message&&(r=new URL(s.getAttribute("src")),n=new URL(t.value),c.test(n.protocol))&&n.host===r.host&&l.activeElement===s&&(d.top.location.href=t.value))}},d.addEventListener("message",d.wp.receiveEmbedMessage,!1),l.addEventListener("DOMContentLoaded",function(){for(var e,t,s=l.querySelectorAll("iframe.wp-embedded-content"),r=0;r<s.length;r++)(t=(e=s[r]).getAttribute("data-secret"))||(t=Math.random().toString(36).substring(2,12),e.src+="#?secret="+t,e.setAttribute("data-secret",t)),e.contentWindow.postMessage({message:"ready",secret:t},"*")},!1)))}(window,document);
//# sourceURL=https://www.athome.lu/blog/wp-includes/js/wp-embed.min.js
</script>

À l’arrivée des beaux jours, c’est toujours un plaisir de réinvestir sa terrasse. Cette année on se laisse séduire par les couleurs ou on opte pour une totale déco couleur bois.
