{"version":"1.0","provider_name":"atHome Blog","provider_url":"https:\/\/www.athome.lu\/blog\/de","author_name":"Fanny Pimentel","author_url":"https:\/\/www.athome.lu\/blog\/de\/author\/fanny-pimentel\/","title":"Un nouveau Pacte Logement 2.0 d\u00e9voil\u00e9 - atHome Blog","type":"rich","width":600,"height":338,"html":"<blockquote class=\"wp-embedded-content\" data-secret=\"Ela4a5A65p\"><a href=\"https:\/\/www.athome.lu\/blog\/de\/mon-logement\/actualites\/un-nouveau-pacte-logement-2-0-devoile\/\">Ein neuer Pacte Logement 2.0 enth\u00fcllt<\/a><\/blockquote><iframe sandbox=\"allow-scripts\" security=\"restricted\" src=\"https:\/\/www.athome.lu\/blog\/de\/mon-logement\/actualites\/un-nouveau-pacte-logement-2-0-devoile\/embed\/#?secret=Ela4a5A65p\" width=\"600\" height=\"338\" title=\"&#8222;Un nouveau Pacte Logement 2.0 d\u00e9voil\u00e9&#8220; &#8211; atHome Blog\" data-secret=\"Ela4a5A65p\" frameborder=\"0\" marginwidth=\"0\" marginheight=\"0\" scrolling=\"no\" class=\"wp-embedded-content\"><\/iframe><script>\n\/*! This file is auto-generated *\/\n!function(d,l){\"use strict\";l.querySelector&&d.addEventListener&&\"undefined\"!=typeof URL&&(d.wp=d.wp||{},d.wp.receiveEmbedMessage||(d.wp.receiveEmbedMessage=function(e){var t=e.data;if((t||t.secret||t.message||t.value)&&!\/[^a-zA-Z0-9]\/.test(t.secret)){for(var s,r,n,a=l.querySelectorAll('iframe[data-secret=\"'+t.secret+'\"]'),o=l.querySelectorAll('blockquote[data-secret=\"'+t.secret+'\"]'),c=new RegExp(\"^https?:$\",\"i\"),i=0;i<o.length;i++)o[i].style.display=\"none\";for(i=0;i<a.length;i++)s=a[i],e.source===s.contentWindow&&(s.removeAttribute(\"style\"),\"height\"===t.message?(1e3<(r=parseInt(t.value,10))?r=1e3:~~r<200&&(r=200),s.height=r):\"link\"===t.message&&(r=new URL(s.getAttribute(\"src\")),n=new URL(t.value),c.test(n.protocol))&&n.host===r.host&&l.activeElement===s&&(d.top.location.href=t.value))}},d.addEventListener(\"message\",d.wp.receiveEmbedMessage,!1),l.addEventListener(\"DOMContentLoaded\",function(){for(var e,t,s=l.querySelectorAll(\"iframe.wp-embedded-content\"),r=0;r<s.length;r++)(t=(e=s[r]).getAttribute(\"data-secret\"))||(t=Math.random().toString(36).substring(2,12),e.src+=\"#?secret=\"+t,e.setAttribute(\"data-secret\",t)),e.contentWindow.postMessage({message:\"ready\",secret:t},\"*\")},!1)))}(window,document);\n\/\/# sourceURL=https:\/\/www.athome.lu\/blog\/wp-includes\/js\/wp-embed.min.js\n<\/script>","thumbnail_url":"https:\/\/www.athome.lu\/blog\/wp-content\/uploads\/2020\/07\/thumb-xxhdpi.jpg","thumbnail_width":1281,"thumbnail_height":905,"description":"Lors de la conf\u00e9rence de presse du 30 juillet 2020, le ministre du Logement, Henri Kox, et la ministre de l\u2019Int\u00e9rieur, Taina Bofferding, ont pr\u00e9sent\u00e9 le projet de loi d\u00e9finissant la collaboration future entre l\u2019Etat et les communes afin de stimuler l\u2019offre de logements abordables"}

Un nouveau Pacte Logement 2.0 dévoilé - atHome Blog

<blockquote class="wp-embedded-content" data-secret="Ela4a5A65p"><a href="https://www.athome.lu/blog/de/mon-logement/actualites/un-nouveau-pacte-logement-2-0-devoile/">Ein neuer Pacte Logement 2.0 enthüllt</a></blockquote><iframe sandbox="allow-scripts" security="restricted" src="https://www.athome.lu/blog/de/mon-logement/actualites/un-nouveau-pacte-logement-2-0-devoile/embed/#?secret=Ela4a5A65p" width="600" height="338" title="&#8222;Un nouveau Pacte Logement 2.0 dévoilé&#8220; &#8211; atHome Blog" data-secret="Ela4a5A65p" frameborder="0" marginwidth="0" marginheight="0" scrolling="no" class="wp-embedded-content"></iframe><script>
/*! This file is auto-generated */
!function(d,l){"use strict";l.querySelector&&d.addEventListener&&"undefined"!=typeof URL&&(d.wp=d.wp||{},d.wp.receiveEmbedMessage||(d.wp.receiveEmbedMessage=function(e){var t=e.data;if((t||t.secret||t.message||t.value)&&!/[^a-zA-Z0-9]/.test(t.secret)){for(var s,r,n,a=l.querySelectorAll('iframe[data-secret="'+t.secret+'"]'),o=l.querySelectorAll('blockquote[data-secret="'+t.secret+'"]'),c=new RegExp("^https?:$","i"),i=0;i<o.length;i++)o[i].style.display="none";for(i=0;i<a.length;i++)s=a[i],e.source===s.contentWindow&&(s.removeAttribute("style"),"height"===t.message?(1e3<(r=parseInt(t.value,10))?r=1e3:~~r<200&&(r=200),s.height=r):"link"===t.message&&(r=new URL(s.getAttribute("src")),n=new URL(t.value),c.test(n.protocol))&&n.host===r.host&&l.activeElement===s&&(d.top.location.href=t.value))}},d.addEventListener("message",d.wp.receiveEmbedMessage,!1),l.addEventListener("DOMContentLoaded",function(){for(var e,t,s=l.querySelectorAll("iframe.wp-embedded-content"),r=0;r<s.length;r++)(t=(e=s[r]).getAttribute("data-secret"))||(t=Math.random().toString(36).substring(2,12),e.src+="#?secret="+t,e.setAttribute("data-secret",t)),e.contentWindow.postMessage({message:"ready",secret:t},"*")},!1)))}(window,document);
//# sourceURL=https://www.athome.lu/blog/wp-includes/js/wp-embed.min.js
</script>

Lors de la conférence de presse du 30 juillet 2020, le ministre du Logement, Henri Kox, et la ministre de l’Intérieur, Taina Bofferding, ont présenté le projet de loi définissant la collaboration future entre l’Etat et les communes afin de stimuler l’offre de logements abordables
